- 8.
-7
What is the value of (-8 - -1) + (9 - (7 - 2))?
-3
What is the value of -4 - ((-78 - -84) + 1 + -3)?
-8
Evaluate 4 + -1 - (0 - -2) - -1.
2
What is the value of (5 - 8) + 0 + -4 + 16?
9
Calculate 1 + -6 + -2 + 5.
-2
What is 4 - (1 + 1 + (-4 - -2))?
4
Calculate (-14 - -7) + (4 - (-3 - -4)).
-4
-10 + 8 - (0 - -3)
-5
Evaluate (-9 - (-1 + -3)) + 3.
-2
Calculate -5 - (1 - -1 - (9 + -6)).
-4
What is the value of -3 - (-1 - (5 - 2))?
1
Calculate 5 - (3 - (-2 - 1) - 7).
6
Evaluate -3 + 0 + 5 + (2 - 5).
-1
Evaluate (7 - 6) + 1 + 3 + -1.
4
Calculate (-12 - -10) + -10 - -10.
-2
What is (1 - 5) + -3 + 9 + -4?
-2
What is the value of -820 + 806 + -1 + (0 - -6)?
-9
Evaluate (-5 - -5) + -1 + -3.
-4
3 - 9 - (-4 + 3)
-5
Calculate 3 + 13 + -16 + -10.
-10
(2 - 1) + -4 + -13 + 9
-7
Evaluate (2 - (0 + 0)) + -4.
-2
Calculate 2 - (13 + -8 + (2 - 13)).
8
Evaluate (-1 - -2) + -6 + 3.
-2
(-1 - 0 - -3) + 23 + -19
6
What is (-5 - -3) + 4 + -4?
-2
Calculate (-1 - -3) + (-7 - -8).
3
What is the value of 0 + 0 + 2 + -2 + -4?
-4
Calculate 9 + -4 + -2 + -2.
1
What is 5 - ((-9 - -3) + 6)?
5
Evaluate (25 + -17 - -1) + -4 + 1.
6
What is the value of 16 - 12 - (5 - -5)?
-6
What is the value of 2 - 7 - (-15 - -11)?
-1
What is the value of 2 - (-21 - -14 - -10)?
-1
Evaluate 1 + (-7 - -2) - -9.
5
Evaluate (-9 - -4 - -4) + (1 - 5).
-5
Evaluate (-4 - -1) + (8 - 7).
-2
0 - ((-4 - -4) + 0)
0
What is the value of 2 + -5 + 10 + -2 + -1?
4
Evaluate -2 - -4 - (7 + -5).
0
What is -8 + -6 + 1 - (6 + -10)?
-9
Calculate 2 - (2 - (-3 + 3)).
0
Calculate (6 - 3) + (-7 + 2 - -1).
-1
(2 - (-4 - -4) - -2) + -7
-3
What is the value of 4 - (4 + -3 - (-4 + 2))?
1
What is 1 - (-2 + 1) - (6 + -9)?
5
Evaluate 1 + 3 + -1 + 2.
5
-9 - -24 - (7 + 2)
6
(22 - 20) + (5 - 2)
5
What is the value of (-8 - -7 - 8) + 9?
0
What is 4 + (6 - (4 + 11) - 0)?
-5
Evaluate -2 + (5 - 1 - (1 + 3)).
-2
What is 16 - 16 - (-3 - 3)?
6
5 + -19 + 10 + -2 + 1
-5
Evaluate 0 - (-8 + (-1 - -2 - -2)).
5
What is (6 - (0 - -2)) + -39 + 29?
-6
Calculate 6 - (-3 + 6 + 0).
3
Calculate -5 - -4 - (2 - 8).
5
What is 5 - (10 + -6 + 1)?
0
Calculate 0 + 3 + -4 + 0.
-1
What is 8 + -11 + -4 - (-1 - -2)?
-8
What is 6 + -10 + 9 + -9?
-4
Calculate (2 - 0) + -13 + -6 + 6.
-11
Calculate -10 - -5 - -4 - -3.
2
What is -8 - (-7 - 1 - (-7 - -14))?
7
What is -3 + (3 - 0 - -1)?
1
Evaluate 4 - 8 - (-5 - 1) - 0.
2
What is (1 - -1 - 0) + (-1 - -2)?
3
-3 + (7 - 5) - (3 - 1)
-3
What is (-4 - 0) + 3 + -2?
-3
Evaluate (9 - 11) + -4 + 9.
3
What is -2 + 1 + 5 + (1 - 12)?
-7
-6 - (14 + -7 - (1 - -12))
0
Evaluate -4 - 10 - (0 - (-9 - -15)).
-8
(0 - (-6 + -1 + 8)) + -3
-4
What is -4 + 15 + -13 + 10?
8
What is the value of 4 + -7 - (4 + -8)?
1
What is the value of 7 + (-5 - 8) + 1 - 5?
-10
Calculate -2 + -9 - -7 - (-2 - 1).
-1
What is (-1 - 2) + (4 - (4 + -4))?
1
What is the value of 7 - 14 - (1 - 3)?
-5
What is the value of 3 + -5 + -3 - (1 + -1)?
-5
What is the value of (-2 + 3 - (3 + 0)) + 2?
0
Calculate 0 + (-2 + -5 + 3 - -3).
-1
Evaluate (18 + -18 - (-6 + 1)) + 0.
5
What is the value of 12 + -17 - (-3 + -1)?
-1
What is the value of -17 + 26 + -19 + 2?
-8
Calculate -2 - (-11 + (28 - 12)).
-7
What is -1 + 6 + (-3 - -2)?
4
-6 + 1 - (-1 + -1)
-3
What is 8 + (1 - (20 + -8))?
-3
What is the value of -10 - (6 + (-1 + 3 - 12))?
-6
Evaluate (8 - (2 - (3 - 0))) + -4.
5
Calculate 29 + -24 - (-1 + (2 - -1)).
3
What is -2 + (4 + 1 - (-3 + 6))?
0
What is 27 + -24 + (-5 - 1 - -1)?
-2
What is 3 + (-3 + 0 - (-1 + -2))?
3
What is the value of (-3 + 5 - 4) + (1 - 3)?
-4
What is the value of 5 + 1 + (-12 - -7)?
1
-3 + (1 - -2) + -4 - 0
-4
What is the value of 1 + -3 + -3 + (6 - -1)?
2
Evaluate 3 + -6 + (4 - -4).
5
What is the value of 0 + 0 + 3 + 0 + -3?
0
What is -1 + -2 - (5 - (-20 - -32))?
4
What is -2 - (-13 + 7 - -1)?
3
What is -2 - -1 - (2 - 12 - -5)?
4
What is -2 - (4 + -3) - 0 - -2?
-1
(8 - -3) + -12 + -8
-9
What is 3 + (1 - 3) - (484 - 488)?
5
What is the value of (1 + -3 - (-7 - -11)) + 7?
1
(-1 - 1 - -2) + -30 + 30
0
Calculate -1 + (-3 - -7) + 2 + -1.
4
Calculate 1 - (-1 + 4 - -3).
-5
-2 - 2 - (7 - 5 - 14)
8
Evaluate 7 + -14 + (2 - 0) + -2.
-7
-2 + 1 + 2 + 6 + -6
1
(2 - -8) + -6 - -1
5
What is -3 + (2 - 3) + 4?
0
20 + (9 - 11) - 10
8
Calculate (7 - 18 - -24) + -11.
2
-4 + 12 + -14 + 11
5
What is 1 + -2 - (-11 + 4 - -3)?
3
(-12 + 21 - 11) + -3 + 0
-5
What is the value of 3 + -7 + 10 + -2?
4
Calculate 9 + -7 + 5 - (1 - 0).
6
What is (-4 - 1) + (41 - 37)?
-1
What is the value of (10 - (9 + -5)) + -7?
-1
4 - (11 + -6 - (1 - 0))
0
-6 - -4 - ((2 - -1) + 5)
-10
Calculate 21 - (-7 - -5 - -16).
7
What is 2 + (5 - (-6 + 9)) - 4?
0
(-4 - 8) + (-3 - -12)
-3
What is the value of (2 - 2) + (-2 - (-1 - 0))?
-1
Evaluate 5 + (-1 - (3 + -5)) + -2.
4
What is -1 + -3 - (-2 - -1)?
-3
What is -4 + (7 - 0) + (-6 - -4)?
1
What is the value of 4 + 1 + 62 + -68 + 1?
0
Calculate -2 + (2 - -1) + (2 - 6).
-3
Calculate -2 + 8 - 5 - 0.
1
Calculate (-6 - 0) + -6 + (-2 - -13).
-1
What is the value of 4 + -3 - (-3 + -3)?
7
(-3 - -1) + 8 + (179 - 181)
4
Evaluate 11 + (-5 - ((-4 - -9) + -2)).
3
2 + (5 - 9) + (0 - -6)
4
What is the value of -4 - (5 - 0) - (3 - 9)?
-3
Calculate -6 - (-15 + (-3 - -7) - -6).
-1
Calculate 1 + -1 + (3 - 4).
-1
Calculate 7 + -2 - (24 + -22).
3
What is the value of -3 - 0 - (19 + -20)?
-2
What is -1 + -4 - (4 - 16) - 4?
3
Calculate (10 - 10) + 6 - -3.
9
-9 + -3 + (-6 - -10) + 1
-7
1 - (-4 + (10 - (-1 + 3)))
-3
Calculate 13 - 20 - (-3 + 3).
-7
-7 + 1 + 13 - 3
4
Evaluate 56 + -55 + -11 + 1.
-9
Evaluate -3 + -1 + 4 + -4.
-4
-7 - -3 - (-2 + (11 - 5))
-8
18 + -21 - (-1 + -1)
-1
-79 - -83 - (1 - -9)
-6
Calculate 0 - (15 - 6) - -14.
5
Evaluate (3 - (8 - 2)) + 7.
4
Calculate (2 - 2) + 5 + (-4 - 3).
-2
Calculate 1 - (6 + 2 + -1).
-6
Evaluate 2 - 3 - (-4 - (-4 - -4)).
3
Evaluate 14 + (-15 - -9) + (-3 - 1).
4
What is 3 + -5 + -1 - (4 + 2)?
-9
Evaluate -6 + 4 - (-3 - 4).
5
What is the value of -1 + 0 + -6 + (14 - 9)?
-2
1 - (-1 + -8 + 6 + 3)
1
-1 + (0 - -4) + (0 - 0)
3
3 + 1 + (-1 - 9) + 5
-1
Evaluate 4 + -6 + 3 - (-1 - -2).
0
What is the value of 10 + (2 - 6 - 5)?
1
What is 0 + (-5 - (-15 - -8))?
2
Evaluate 7 + (-3 - 7) + 7.
4
What is the value of -4 - 1 - (-6 + -1 + 7)?
-5
What is 8 + 1 - (12 - -1)?
-4
What is the value of 2 - (-5 + -1 - (-6 - -3))?
5
What is the value of 4 - (12 - (9 + (0 - 5)))?
-4
Calculate -1 + (-4 - (-5 + (0 - -6))).
-6
What is (42 - 48) + 7 + 0?
1
What is the value of -1 - ((-9 - -7) + 8)?
-7
Evaluate 2 + (5 + -1 - (2 - -1)).
3
(0 - -7) + -10 + -10 + 15
2
Calculate 11 - (28 - 10) - 1.
-8
Calculate -5 - (-6 - (-7 - -4)).
-2
-3 + 1 + -2 + -35 + 29
-10
What is (12 - (11 - 12)) + -17?
-4
Evaluate 8 - ((12 - 0) + -13).
9
Calculate -4 + (-8 - -5 - 5) + 4.
-8
Evaluate (-8 - 1) + 18 + 0.
9
What is -4 + (4 - -5 - 8) - 5?
-8
Calculate 1 + 10 + -18 - -10.
3
Calculate (-1 - -8) + (-2 - (-12 - -12)).
5
Calculate 3 + (-4 - -7) + (-27 - -22).
1
What is the value of 2 - (1 + (0 - -3))?
-2
Evaluate -2 + (-7 - (-17 + 2)).
6
Calculate (-2 - 0) + 5 + -8 + -1.
-6
What is 2 + 0 + (5 + 0 - 4)?
3
Calculate 6 - (-5 - (-1 - (15 + -1))).
-4
What is the value of -2 + 6 + (6 - 18) + 2?
-6
Calculate -3 - ((64 - 67) + 1 + -7).
6
Evaluate (6 - 2) + (-1 - 4).
-1
What is 3 + (-4 + 7 - 9)?
-3
What is 2 + -1 - (-3 - (9 + -18))?
-5
What is the value of (3 - 6 - -4) + 1 - 2?
0
Calculate -2 - -2 - (-2 - -5).
-3
(6 - (8 - 4)) + 4 - 5
1
What is the value of 0 + -3 - (-1 + -2 + -1)?
1
Calculate (-4 - -1) + -118 + 128.
7
What is -3 + -1 + (-1 - 0) + 0?
-5
Calculate (-16 - -9) + 11 + -4.
0
Calculate -3 - (2 + (-7 + 5 - 0)).
-3
Calculate 2 - 2 - (-4 + (8 - 9)).
5
What is -10 - -2 - (10 + -11) - -2?
-5
Evaluate -2 + (1 - 9) + 6.
-4
Calculate -5 + 2 - (-1 - 1 - -7).
-8
(10 + -9 - -8) + -13
-4
Calculate (2 - 1 - 0) + -21 + 19.
-1
What is 1 + (-4 + 9 - 4)?
2
What is the value of (7 - (10 - 15)) + -10?
2
What is the value of (-1 - -3) + (1 - -2)?
5
Calculate -1 + (1 + 2 - (-27 - -27)).
2
-4 - -9 - (-1 + -1 + 2)
5
What is -6 - (5 - (-5 + 17))?
1
Calculate (-13 - -7 - -4) + -3.
-5
Evaluate -2 - (3 + 0 + -3).
-2
What is the value of 1 + 5 + -6 + -1?
-1
Calculate (2 - -4) + 12 + -11 + -1.
6
Calculate (2 - 8) + -7 + 5 + 5.
-3
(3 - -1 - -2) + (3 - 3)
6
Evaluate (10 - (-8 - -9)) + -15.
-6
What is the value of -1 - (-9 +